(-1 + 1). Suppose -5*q - q + s = p. Is q composite?
True
Suppose 4*r - 5*r - 67 = 0. Let s = r - -50. Let b = s + 338. Is b prime?
False
Let v = -13594 - -15753. Suppose -4*d = -l - 7*d - 1134, 0 = 2*l + 3*d + 2262. Let t = l + v. Is t a prime number?
True
Suppose -16013615 = -157*s + 20734904. Is s prime?
True
Let k(w) = -7*w**2 + 45*w + 29. Let v(b) = -3*b**2 + 22*b + 14. Let n(l) = -4*k(l) + 9*v(l). Let r be n(-18). Suppose -r*t + 8547 = -9683. Is t a prime number?
True
Suppose -1718612 = -3*g + k, 4*g - 4*k + 281055 - 2572519 = 0. Is g composite?
True
Suppose -34*i + 20*i = -131670. Let o = i + -6484. Is o a composite number?
True
Suppose 5*h + 19 = -4*r + 7, -4*h - 2*r = 6. Suppose h = -2*l + i + 2, 5*l - i = -6*i - 10. Suppose l = 3*q + 2*q - 3715. Is q a composite number?
False
Let w be (127440/45)/((-6)/(-8)). Suppose 0*d + w = 4*m - 2*d, -3*d - 6 = 0. Is m prime?
False
Let t be 616/10 + (-304)/190. Suppose t*h - 534906 = 94314. Is h a composite number?
False
Is 31 + -18 + -5 - -31193 a composite number?
True
Suppose 2*k - 4*r = k - 9, 2*r - 32 = -2*k. Suppose -k*i + 13152 = -7*i. Suppose -2*g + 496 = 4*m - 1122, -4*g + 5*m = -i. Is g composite?
True
Suppose 0 = -3*h + h + 8. Let l = -1204 + 1200. Is 2 + 142 + h/l composite?
True
Let h = -614 - -608. Is 8013 - 8/(10 + h) a prime number?
True
Let r be 18135/1 + (-7 - -3). Suppose -5*h + 2*x + 21190 = -1464, 4*h + x - r = 0. Suppose 4*g + 5563 = 5*c, -69 = 4*c + g - h. Is c prime?
False
Suppose 0 = -14*w - 3834 + 19962. Suppose w = d - 2*i + 104, 5216 = 5*d - 2*i. Is d prime?
False
Suppose 304*q = -55*q + 4814560 + 1545843. Is q prime?
False
Suppose -24750 = -3*z - 5*f, -5*z + 33135 + 8115 = 3*f. Let w = z + -4559. Is w prime?
True
Suppose 3*f + y - 25980 = 0, -2*f + 4*y + 8074 + 9260 = 0. Suppose 2*z - 5*n = f - 588, n = -z + 4054. Is z a composite number?
False
Let g(v) = 760*v + 29. Let m(i) = 2*i**3 + 8*i**2 - 5*i - 15. Let q be m(-4). Is g(q) prime?
False
Let i(y) = y - 4. Let j be i(9). Suppose k - 126 = -j*k. Is 342/(-4)*((-98)/k + 4) composite?
True
Suppose 3*a - 4*n = 5*a + 50, 0 = 4*n + 12. Let y = a - -13. Is (91/14 + y)*23*2 composite?
False
Let p(g) = 10*g - 29. Let d = 26 + -22. Let s be p(d). Suppose s*l - 3296 = 4437. Is l a composite number?
True
Let z(g) be the second derivative of g**4/6 - g**3/6 + 479*g**2/2 + 2*g - 54. Let x = 3 + -3. Is z(x) prime?
True
Let x(c) = -c - 28. Let b be x(-26). Is (11 - -5) + -13 + (-3716)/b prime?
True
Let k(o) = 5*o**2 - 2*o - 31. Let j = -193 + 108. Let r = j + 95. Is k(r) prime?
True
Suppose 8*l - 5*l = 27. Is ((0 - 3) + l + -5)*2631 a composite number?
True
Suppose -51*l + 3648889 = -6352364. Is l a prime number?
False
Suppose 129382 = -39*k + 50*k. Suppose 0 = 36*c + 2150 - k. Is c a prime number?
False
Let k be (10 + -1)/(147/514157). Suppose 13*s = 3*f + 11*s - 47191, -2*f + 5*s + k = 0. Is f a prime number?
True
Let g(a) = 1 + 106*a - 250*a - 101*a + 7. Is g(-15) a composite number?
True
Let p(k) = -53*k**2 + 8*k - 11. Let h be p(-7). Suppose -10*l - 8885 = -5*l. Let j = l - h. Is j a prime number?
True
Is (-1697)/(-6 + (-2002)/(-334)) a composite number?
True
Let o be -4 + -7 - (0/4)/(-4). Let r(k) = -818*k + 23. Let b be r(o). Suppose 5*h - 3*w - b = 0, h + w = 5*h - 7214. Is h a composite number?
True
Suppose 8*n + 1568127 = 18364183. Is n composite?
False
Suppose -29*n - 29*n = 0. Suppose n = 147*v - 145*v - 4036. Is v a prime number?
False
Suppose 0 = -3*k + 2*s + 978, 9*k - 4*k + 5*s - 1630 = 0. Suppose 0 = -4*v + 3*v + k. Is v a prime number?
False
Let b = 307120 - -1851943. Is b prime?
True
Let s = 204016 - -40275. Is s a composite number?
False
Is -16 + (431111 - 8) - (-2)/1 composite?
True
Suppose 4*q = -q + 4830. Suppose -f - 82 = -q. Suppose -5*c - 5*r + 3260 = 0, -242 = c - r - f. Is c prime?
True
Let j = 551 - 1030. Is j*(-1 - 0) - 0 a prime number?
True
Let a = 2 - -375. Is a/1 + (-7 - -5) + -2 a composite number?
False
Let z(c) = 6*c**2 - 155 - 30*c + 6*c + 4*c. Is z(28) prime?
True
Let p = 265100 + -183493. Is p prime?
False
Let v = 39402 + -22888. Let c = v - 4975. Is c a composite number?
True
Let j be (-4)/(-10) - (-39)/15 - 2. Is 12/(j - -3) + 1358 composite?
False
Let b = 47885 - 25582. Is b composite?
False
Let p(l) be the third derivative of 7*l**5/10 + 11*l**4/24 + 59*l**3/6 - 75*l**2. Is p(-8) composite?
False
Let j(i) = -i**2 + 17*i - 32. Let o be -3*58/(-12) - (-2)/(-4). Let t be j(o). Suppose -t*y + 79 = -9*y. Is y composite?
False
Suppose 5*b - 25010 = -u + 38668, 318342 = 5*u + b. Is 144/(-96)*u/(-6) prime?
False
Let q = -102 + 106. Suppose 5*n + 5 = 0, 6*p - 5*n = q*p + 30315. Suppose -10*s + 5*s = -p. Is s a prime number?
False
Let y = -5118709 - -7372412. Is y prime?
True
Let g(u) = 234*u**2 + 47*u - 234. Is g(33) composite?
True
Suppose 0 = -3*l - c - 0*c - 249, -4*c - 340 = 4*l. Let h = 64 + l. Is 1/(30/49165) - 3/h a prime number?
False
Suppose -5*u + 6*u + 5*r = -5582, -2*u - 4*r - 11170 = 0. Let a = -2868 - u. Is a composite?
False
Let x = 4745 - -24044. Is x prime?
True
Suppose 12*h - 8*h = 72. Suppose 3*f = -3*w - h, 3*w - 12 = 5*f - 3*f. Is -133*(f/(-2))/(-3) a prime number?
False
Let j be 3 - 7 - (-1 + -2067). Suppose 26*f - j = 23*f. Suppose q - 491 = -2*v, -q - 179 = -4*v - f. Is q composite?
True
Suppose -2629934 + 14525 = -9*n. Suppose 40*t - n = 35519. Is t a prime number?
False
Let u(b) = b**3 + 2*b**2 - 3*b + 2. Let l be u(-3). Suppose 4*o = 7*o - 4*w - 433, -l*o + w = -292. Let x = o + 562. Is x a prime number?
True
Let g = -3406 + 1672. Let x = -1202 - g. Let h = x - 203. Is h prime?
False
Let b be (-42)/(-126)*(13 - 1). Is ((-21456)/(-2) - b) + -1 a composite number?
False
Is (2600405 - 33) + (9 - 3) + 5 composite?
False
Is 14 + 0 - (-4625100)/20 a prime number?
True
Let g be (-8400)/(-19) + (-6)/57. Suppose 445*h - 53349 = g*h. Is h composite?
False
Is (-543034)/(-11 + 32 + -23) a composite number?
False
Let q be 12/2*(23/3 - 6). Let o(n) = 7*n**3 - 13*n**2 - 15*n + 1. Let k be o(q). Suppose -k - 2704 = -13*x. Is x a prime number?
False
Let a(d) = 473*d**2 - 44*d + 233. Is a(6) prime?
False
Suppose -78*p = -703175 - 2947771. Is p a prime number?
True
Suppose 4*n + 4962 = 3*b, -3291 = -2*b - 2*n - n. Let x = -761 + b. Is x composite?
True
Suppose 54*s + 11658222 = 74341800. Is s a prime number?
True
Is 139*(72/(-12) - 2 - -2845) a prime number?
False
Let c(p) = -4 - 4*p**3 - 8 - 3*p**2 + 6 - 7*p + 35. Is c(-12) prime?
False
Let x(z) = -3*z - 5*z - 6*z + 12*z + 14. Let o be x(6). Let y(q) = 32*q**2 - 1. Is y(o) a prime number?
True
Let v = 484 + -480. Let n(t) = 133*t**3 + 22*t**2 - 5*t - 1. Is n(v) a composite number?
True
Is -3 - 7097612/(-16) - (10 - (-720)/(-64)) a prime number?
False
Let t(p) = 128*p**2 - 11*p + 18. Suppose -14*d = -d - 65. Is t(d) composite?
False
Suppose 0 = 5*k + 4*f + f - 275, 2*k = -3*f + 109. Suppose 0 = -z - k + 58. Suppose z*x + 5 = 241. Is x a composite number?
True
Suppose 3*g - p - 439341 - 1096102 = 0, 3*g - 3*p = 1535427. Is g a prime number?
False
Suppose -517380 - 94574 = -14*k. Is k composite?
False
Let r be (-2*(-12)/(-28))/(2/(-64036)). Suppose 5*y - 13958 = -4*x + 13450, -r = -4*x + 4*y. Is x prime?
True
Suppose g = -3*k + 211, 0*k + 3*g = 4*k - 290. Let f be (-27)/2*(140/12 - 9). Let x = f + k. Is x a composite number?
True
Let a(d) = -9166*d + 14981. Is a(-57) a composite number?
True
Let h(b) = b + 5. Let u be h(3). Let j = -2 + u. Let s(t) = 735*t - 19. Is s(j) composite?
False
Let w(l) = l**3 + 15*l**2 - l - 26. Let f be w(-15). Let r = -8 - f. Is 289 + 6/r - -2 a composite number?
False
Let c = -336 + 339. Suppose -5*o = -4*s + 6846, 6*s - c*o = 4*s + 3422. Is s composite?
True
Suppose 4*o + 3*h - 581129 = 418532, 0 = 7*o - 2*h - 1749385. Is o a composite number?
True
Let x = 42 - 38. Suppose -5*v + 2*z = -2*z - 15592, -x*v + 4*z = -12476. Let u = v - 1965. Is u a composite number?
False
Let c = -221933 - -430924. Is c a composite number?
False
Let a = 53557 - 3700. Is a prime?
False
Let t(m) = 292*m**3 - 2*m**2 + m + 3. Suppose -4*c + 0*c + 8 = 0. Is t(c) a composite number?
False
Let o = 23287 - -38902. Is o composite?
False
Is (8/48)/(17/1222062) composite?
False
Let s be 5*2/(-20)*4. Is 2626 + 3 + (-1 - s)*-2 prime?
False
